nd 748.
44
Calculate the highest common divisor of 7236 and 108.
108
What is the highest common divisor of 44 and 1166?
22
What is the greatest common divisor of 742 and 106?
106
What is the highest common divisor of 357 and 204?
51
What is the greatest common factor of 2822 and 83?
83
What is the highest common factor of 4 and 128?
4
Calculate the greatest common factor of 504 and 280.
56
What is the greatest common factor of 2737 and 119?
119
What is the greatest common factor of 175 and 275?
25
What is the greatest common factor of 5 and 985?
5
What is the highest common divisor of 3 and 4911?
3
Calculate the greatest common factor of 238 and 5270.
34
Calculate the highest common factor of 3 and 27.
3
Calculate the highest common factor of 2172 and 216.
12
Calculate the greatest common factor of 83292 and 22.
22
Calculate the highest common divisor of 1292 and 76.
76
Calculate the greatest common divisor of 1280 and 40.
40
What is the highest common divisor of 160 and 1216?
32
What is the greatest common divisor of 14 and 112?
14
What is the greatest common divisor of 4 and 107?
1
Calculate the greatest common divisor of 36 and 450.
18
What is the highest common factor of 22904 and 112?
56
What is the greatest common divisor of 1180 and 354?
118
What is the greatest common divisor of 418 and 114?
38
Calculate the highest common factor of 19 and 741.
19
What is the highest common divisor of 20 and 110?
10
What is the greatest common factor of 4 and 26?
2
What is the highest common divisor of 20 and 120?
20
Calculate the greatest common factor of 1206 and 3417.
201
What is the greatest common divisor of 49 and 14?
7
What is the greatest common divisor of 2990 and 80?
10
Calculate the highest common factor of 7832 and 352.
88
What is the greatest common divisor of 715 and 520?
65
What is the greatest common factor of 112 and 3024?
112
What is the greatest common divisor of 3200 and 8?
8
What is the highest common divisor of 1212 and 84?
12
Calculate the greatest common divisor of 8370 and 12.
6
What is the greatest common factor of 300 and 240?
60
What is the greatest common factor of 2020 and 20?
20
Calculate the highest common factor of 13787 and 34.
17
Calculate the greatest common divisor of 10076 and 44.
44
Calculate the highest common divisor of 855 and 475.
95
Calculate the highest common divisor of 154 and 42.
14
Calculate the greatest common divisor of 378 and 70.
14
Calculate the greatest common divisor of 69 and 1863.
69
What is the highest common divisor of 58 and 6?
2
What is the highest common factor of 365 and 1241?
73
Calculate the greatest common divisor of 775 and 31.
31
Calculate the greatest common divisor of 36 and 2648.
4
What is the greatest common factor of 16 and 784?
16
Calculate the highest common divisor of 280 and 8260.
140
Calculate the highest common divisor of 18 and 486.
18
Calculate the highest common factor of 6260 and 40.
20
Calculate the highest common factor of 176 and 33.
11
What is the greatest common factor of 4040 and 48?
8
Calculate the highest common factor of 42 and 42.
42
Calculate the greatest common factor of 30 and 990.
30
What is the highest common divisor of 2736 and 15?
3
What is the highest common divisor of 112 and 126?
14
What is the greatest common factor of 48 and 16?
16
Calculate the greatest common divisor of 295 and 5.
5
What is the greatest common factor of 156 and 3003?
39
Calculate the highest common factor of 7032 and 24.
24
Calculate the greatest common factor of 2619 and 54.
27
Calculate the highest common divisor of 1285 and 257.
257
What is the greatest common divisor of 102 and 187?
17
Calculate the highest common divisor of 1518 and 1122.
66
What is the highest common divisor of 36 and 3072?
12
Calculate the highest common divisor of 6 and 78.
6
Calculate the greatest common divisor of 2450 and 950.
50
Calculate the highest common factor of 1428 and 84.
84
Calculate the highest common divisor of 54 and 372.
6
Calculate the greatest common factor of 1815 and 99.
33
Calculate the highest common factor of 14 and 994.
14
What is the highest common factor of 1160 and 10?
10
Calculate the highest common factor of 174 and 48.
6
Calculate the greatest common divisor of 124 and 1922.
62
What is the highest common divisor of 136 and 986?
34
Calculate the greatest common divisor of 30096 and 176.
176
Calculate the highest common factor of 981 and 18.
9
Calculate the highest common divisor of 320 and 2944.
64
Calculate the greatest common divisor of 47 and 47.
47
Calculate the greatest common divisor of 294 and 84.
42
What is the greatest common factor of 11 and 473?
11
Calculate the greatest common factor of 183 and 305.
61
Calculate the greatest common factor of 106 and 265.
53
What is the greatest common divisor of 3479 and 147?
49
Calculate the highest common factor of 32 and 1208.
8
Calculate the highest common divisor of 581 and 105.
7
What is the highest common factor of 112 and 238?
14
What is the greatest common divisor of 44 and 814?
22
Calculate the greatest common factor of 100 and 400.
100
Calculate the greatest common divisor of 96 and 162.
6
Calculate the greatest common factor of 144 and 256.
16
What is the greatest common factor of 104 and 39?
13
Calculate the greatest common divisor of 8880 and 32.
16
Calculate the highest common factor of 77 and 8921.
11
Calculate the greatest common divisor of 1712 and 144.
16
Calculate the greatest common factor of 10044 and 124.
124
What is the highest common divisor of 1432 and 16?
8
Calculate the greatest common factor of 828 and 60.
12
Calculate the greatest common factor of 533 and 52.
13
What is the greatest common divisor of 52 and 8996?
52
Calculate the highest common divisor of 17 and 629.
17
What is the greatest common factor of 9 and 48?
3
Calculate the highest common divisor of 48 and 3568.
16
What is the greatest common divisor of 2519 and 209?
11
What is the greatest common divisor of 3 and 1148?
1
What is the highest common factor of 749 and 7?
7
Calculate the highest common divisor of 203 and 7.
7
Calculate the highest common factor of 1073 and 87.
29
What is the greatest common divisor of 15436 and 204?
68
What is the highest common divisor of 445 and 125?
5
Calculate the highest common factor of 4131 and 187.
17
Calculate the greatest common divisor of 1359 and 9.
9
What is the greatest common factor of 14 and 133?
7
What is the highest common factor of 4595 and 10?
5
What is the highest common divisor of 152 and 133?
19
What is the highest common divisor of 2208 and 480?
96
Calculate the greatest common divisor of 209 and 66.
11
Calculate the highest common factor of 4 and 36.
4
What is the highest common divisor of 41 and 3403?
41
Calculate the highest common factor of 540 and 36.
36
What is the highest common factor of 36 and 36?
36
Calculate the greatest common factor of 16731 and 117.
117
Calculate the greatest common divisor of 998 and 8.
2
What is the greatest common factor of 960 and 15?
15
Calculate the greatest common divisor of 1085 and 175.
35
Calculate the greatest common factor of 3278 and 110.
22
Calculate the highest common divisor of 522 and 290.
58
Calculate the greatest common divisor of 205 and 4674.
41
What is the greatest common divisor of 56 and 2828?
28
Calculate the highest common divisor of 1661 and 3.
1
Calculate the greatest common factor of 1566 and 72.
18
What is the greatest common divisor of 80 and 250?
10
Calculate the greatest common divisor of 18 and 12.
6
Calculate the greatest common divisor of 936 and 260.
52
Calculate the greatest common divisor of 84 and 112.
28
Calculate the highest common factor of 4 and 734.
2
What is the greatest common factor of 15 and 1215?
15
Calculate the greatest common divisor of 1058 and 46.
46
Calculate the greatest common divisor of 62 and 558.
62
Calculate the highest common divisor of 742 and 2650.
106
Calculate the greatest common divisor of 62 and 7874.
62
What is the highest common divisor of 32 and 648?
8
What is the greatest common divisor of 306 and 34?
34
Calculate the greatest common divisor of 35 and 21.
7
What is the highest common factor of 63 and 45?
9
What is the greatest common factor of 66 and 30?
6
Calculate the greatest co